{"id":3423,"date":"2021-01-13T10:49:23","date_gmt":"2021-01-13T10:49:23","guid":{"rendered":"https:\/\/atualizacao.enapp.ao\/?page_id=3423"},"modified":"2021-01-13T11:23:15","modified_gmt":"2021-01-13T11:23:15","slug":"programa-de-formacao-academica-profissionalizante","status":"publish","type":"page","link":"https:\/\/www.enapp.gov.ao\/?page_id=3423","title":{"rendered":"PROGRAMA DE FORMA\u00c7\u00c3O ACAD\u00c9MICA PROFISSIONALIZANTE"},"content":{"rendered":"\t\t<div data-elementor-type=\"wp-page\" data-elementor-id=\"3423\" class=\"elementor elementor-3423\" data-elementor-settings=\"[]\">\n\t\t\t\t\t\t<div class=\"elementor-inner\">\n\t\t\t\t\t\t\t<div class=\"elementor-section-wrap\">\n\t\t\t\t\t\t\t<section class=\"elementor-section elementor-top-section elementor-element elementor-element-5f35e86 elementor-section-boxed elementor-section-height-default elementor-section-height-default\" data-id=\"5f35e86\" data-element_type=\"section\">\n\t\t\t\t\t\t<div class=\"elementor-container elementor-column-gap-default\">\n\t\t\t\t\t\t\t<div class=\"elementor-row\">\n\t\t\t\t\t<div class=\"elementor-column elementor-col-100 elementor-top-column elementor-element elementor-element-d89a6bf\" data-id=\"d89a6bf\" data-element_type=\"column\">\n\t\t\t<div class=\"elementor-column-wrap elementor-element-populated\">\n\t\t\t\t\t\t\t<div class=\"elementor-widget-wrap\">\n\t\t\t\t\t\t<div class=\"elementor-element elementor-element-a81fbe5 elementor-widget elementor-widget-text-editor\" data-id=\"a81fbe5\" data-element_type=\"widget\" data-widget_type=\"text-editor.default\">\n\t\t\t\t<div class=\"elementor-widget-container\">\n\t\t\t\t\t<div class=\"elementor-text-editor elementor-clearfix\"><p>Forma\u00e7\u00e3o acad\u00e9mica Profissionalizante s\u00e3o cursos de cariz t\u00e9cnico-profissional que visam a profissionaliza\u00e7\u00e3o dos formandos j\u00e1 que estes possuem um conhecimento pr\u00e9vio na sua \u00e1rea de actividade laboral e que necessitam de aperfei\u00e7oamento em determinadas ferramentas pr\u00e1ticas.<\/p><p>A forma\u00e7\u00e3o Acad\u00e9mica Profissionalizante, que visa qualificar e capacitar os formandos, \u00e9 realizada em parcerias com institui\u00e7\u00f5es do ensino superior nacionais e internacionais.<\/p><\/div>\n\t\t\t\t<\/div>\n\t\t\t\t<\/div>\n\t\t\t\t\t\t<\/div>\n\t\t\t\t\t<\/div>\n\t\t<\/div>\n\t\t\t\t\t\t\t\t<\/div>\n\t\t\t\t\t<\/div>\n\t\t<\/section>\n\t\t\t\t<section class=\"elementor-section elementor-top-section elementor-element elementor-element-21b54bb elementor-section-boxed elementor-section-height-default elementor-section-height-default\" data-id=\"21b54bb\" data-element_type=\"section\">\n\t\t\t\t\t\t<div class=\"elementor-container elementor-column-gap-default\">\n\t\t\t\t\t\t\t<div class=\"elementor-row\">\n\t\t\t\t\t<div class=\"elementor-column elementor-col-100 elementor-top-column elementor-element elementor-element-60b58c1\" data-id=\"60b58c1\" data-element_type=\"column\">\n\t\t\t<div class=\"elementor-column-wrap elementor-element-populated\">\n\t\t\t\t\t\t\t<div class=\"elementor-widget-wrap\">\n\t\t\t\t\t\t<div class=\"elementor-element elementor-element-aded6fd elementor-widget elementor-widget-shortcode\" data-id=\"aded6fd\" data-element_type=\"widget\" data-widget_type=\"shortcode.default\">\n\t\t\t\t<div class=\"elementor-widget-container\">\n\t\t\t\t\t<div class=\"elementor-shortcode\"><div class=\"woocommerce columns-3 \"><ul class=\"products customify-grid-3_md-3_sm-2_xs-1 wc-grid-view\">\n<li \nclass=\"customify-col product type-product post-5479 status-publish first instock product_cat-especializacoes product_cat-programa-de-formacao-academica-profissionalizante shipping-taxable product-type-simple\">\n\t<div class=\"wc-product-inner\">\n\t<div class=\"wc-product-media\"><a href=\"https:\/\/www.enapp.gov.ao\/?product=especializacao-em-planeamento-municipal-e-autarquico\" class=\"woocommerce-LoopProduct-link woocommerce-loop-product__link\"><img width=\"300\" height=\"300\" src=\"https:\/\/www.enapp.gov.ao\/wp-content\/uploads\/woocommerce-placeholder-300x300.png\" class=\"woocommerce-placeholder wp-post-image\" alt=\"Placeholder\" loading=\"lazy\" srcset=\"https:\/\/www.enapp.gov.ao\/wp-content\/uploads\/woocommerce-placeholder-300x300.png 300w, https:\/\/www.enapp.gov.ao\/wp-content\/uploads\/woocommerce-placeholder-100x100.png 100w, https:\/\/www.enapp.gov.ao\/wp-content\/uploads\/woocommerce-placeholder-600x600.png 600w, https:\/\/www.enapp.gov.ao\/wp-content\/uploads\/woocommerce-placeholder-1024x1024.png 1024w, https:\/\/www.enapp.gov.ao\/wp-content\/uploads\/woocommerce-placeholder-150x150.png 150w, https:\/\/www.enapp.gov.ao\/wp-content\/uploads\/woocommerce-placeholder-768x768.png 768w, https:\/\/www.enapp.gov.ao\/wp-content\/uploads\/woocommerce-placeholder.png 1200w\" sizes=\"(max-width: 300px) 100vw, 300px\" \/><\/a><\/div><div class=\"wc-product-contents\"><a href=\"https:\/\/www.enapp.gov.ao\/?product=especializacao-em-planeamento-municipal-e-autarquico\" class=\"woocommerce-LoopProduct-link woocommerce-loop-product__link\"><div class=\"b-row-main\"><div class=\"b-col col-left\"><div class=\"wc-product__part wc-product__title show-in-grid show-in-list\"><img width=\"300\" height=\"300\" src=\"https:\/\/www.enapp.gov.ao\/wp-content\/uploads\/woocommerce-placeholder-300x300.png\" class=\"woocommerce-placeholder wp-post-image\" alt=\"Placeholder\" loading=\"lazy\" srcset=\"https:\/\/www.enapp.gov.ao\/wp-content\/uploads\/woocommerce-placeholder-300x300.png 300w, https:\/\/www.enapp.gov.ao\/wp-content\/uploads\/woocommerce-placeholder-100x100.png 100w, https:\/\/www.enapp.gov.ao\/wp-content\/uploads\/woocommerce-placeholder-600x600.png 600w, https:\/\/www.enapp.gov.ao\/wp-content\/uploads\/woocommerce-placeholder-1024x1024.png 1024w, https:\/\/www.enapp.gov.ao\/wp-content\/uploads\/woocommerce-placeholder-150x150.png 150w, https:\/\/www.enapp.gov.ao\/wp-content\/uploads\/woocommerce-placeholder-768x768.png 768w, https:\/\/www.enapp.gov.ao\/wp-content\/uploads\/woocommerce-placeholder.png 1200w\" sizes=\"(max-width: 300px) 100vw, 300px\" \/><h2 class=\"woocommerce-loop-product__title\"><a href=\"https:\/\/www.enapp.gov.ao\/?product=especializacao-em-planeamento-municipal-e-autarquico\" class=\"woocommerce-LoopProduct-link woocommerce-loop-product__link\">Especializa\u00e7\u00e3o em Planeamento Municipal e Aut\u00e1rquico<\/a><\/h2>\n<\/div><div class=\"wc-product__part wc-product__description hide-in-grid show-in-list\"><div class=\"woocommerce-loop-product__desc\"><p>Objectivos: Este curso visa dotar os participantes de ferramentas e t\u00e9cnicas essenciais para a elabora\u00e7\u00e3o de planos de desenvolvimento aut\u00e1rquico. Requisitos: Licenciatura ou Bacharelato Carga&hellip;<\/p>\n<\/div><\/div><div class=\"wc-product__part wc-product__add_to_cart show-in-grid show-in-list\"><a href=\"https:\/\/www.enapp.gov.ao\/?product=especializacao-em-planeamento-municipal-e-autarquico\" data-quantity=\"1\" class=\"button c-pro product_type_simple display-text out-media add_to_cart_button\" data-product_id=\"5479\" data-product_sku=\"\" aria-label=\"Leia mais sobre &ldquo;Especializa\u00e7\u00e3o em Planeamento Municipal e Aut\u00e1rquico&rdquo;\" title=\"Add to cart\" rel=\"nofollow\">Ler mais<\/a><\/div><\/div><\/div><\/a><a href=\"https:\/\/www.enapp.gov.ao\/?product=especializacao-em-planeamento-municipal-e-autarquico\" data-quantity=\"1\" class=\"button product_type_simple add_to_cart_button\" data-product_id=\"5479\" data-product_sku=\"\" aria-label=\"Leia mais sobre &ldquo;Especializa\u00e7\u00e3o em Planeamento Municipal e Aut\u00e1rquico&rdquo;\" rel=\"nofollow\"><span class=\"button-label\">Ler mais<\/span><\/a><\/div>\t<\/div>\n<\/li>\n<li \nclass=\"customify-col product type-product post-5478 status-publish instock product_cat-especializacoes product_cat-programa-de-formacao-academica-profissionalizante has-post-thumbnail shipping-taxable product-type-simple\">\n\t<div class=\"wc-product-inner\">\n\t<div class=\"wc-product-media\"><a href=\"https:\/\/www.enapp.gov.ao\/?product=especializacao-em-planeamento-e-ordenamento-do-territorio-para-o-desenvolvimento-local-e-sustentavel\" class=\"woocommerce-LoopProduct-link woocommerce-loop-product__link\"><img width=\"300\" height=\"300\" src=\"https:\/\/www.enapp.gov.ao\/wp-content\/uploads\/2021\/05\/PLANEAMENTO-E-ORDENAMENTO-300x300.jpg\" class=\"attachment-woocommerce_thumbnail size-woocommerce_thumbnail\" alt=\"\" loading=\"lazy\" srcset=\"https:\/\/www.enapp.gov.ao\/wp-content\/uploads\/2021\/05\/PLANEAMENTO-E-ORDENAMENTO-300x300.jpg 300w, https:\/\/www.enapp.gov.ao\/wp-content\/uploads\/2021\/05\/PLANEAMENTO-E-ORDENAMENTO-150x150.jpg 150w, https:\/\/www.enapp.gov.ao\/wp-content\/uploads\/2021\/05\/PLANEAMENTO-E-ORDENAMENTO-100x100.jpg 100w\" sizes=\"(max-width: 300px) 100vw, 300px\" \/><\/a><\/div><div class=\"wc-product-contents\"><a href=\"https:\/\/www.enapp.gov.ao\/?product=especializacao-em-planeamento-e-ordenamento-do-territorio-para-o-desenvolvimento-local-e-sustentavel\" class=\"woocommerce-LoopProduct-link woocommerce-loop-product__link\"><div class=\"b-row-main\"><div class=\"b-col col-left\"><div class=\"wc-product__part wc-product__title show-in-grid show-in-list\"><img width=\"300\" height=\"300\" src=\"https:\/\/www.enapp.gov.ao\/wp-content\/uploads\/2021\/05\/PLANEAMENTO-E-ORDENAMENTO-300x300.jpg\" class=\"attachment-woocommerce_thumbnail size-woocommerce_thumbnail\" alt=\"\" loading=\"lazy\" srcset=\"https:\/\/www.enapp.gov.ao\/wp-content\/uploads\/2021\/05\/PLANEAMENTO-E-ORDENAMENTO-300x300.jpg 300w, https:\/\/www.enapp.gov.ao\/wp-content\/uploads\/2021\/05\/PLANEAMENTO-E-ORDENAMENTO-150x150.jpg 150w, https:\/\/www.enapp.gov.ao\/wp-content\/uploads\/2021\/05\/PLANEAMENTO-E-ORDENAMENTO-100x100.jpg 100w\" sizes=\"(max-width: 300px) 100vw, 300px\" \/><h2 class=\"woocommerce-loop-product__title\"><a href=\"https:\/\/www.enapp.gov.ao\/?product=especializacao-em-planeamento-e-ordenamento-do-territorio-para-o-desenvolvimento-local-e-sustentavel\" class=\"woocommerce-LoopProduct-link woocommerce-loop-product__link\">Especializa\u00e7\u00e3o em Planeamento e Ordenamento do Territ\u00f3rio para o Desenvolvimento Local e Sustent\u00e1vel<\/a><\/h2>\n<\/div><div class=\"wc-product__part wc-product__description hide-in-grid show-in-list\"><div class=\"woocommerce-loop-product__desc\"><p>Objectivos: Este curso visa dotar os formandos de ferramentas e t\u00e9cnicas essenciais em elabora\u00e7\u00e3o de planos do ponto de vista do desenvolvimento local e da&hellip;<\/p>\n<\/div><\/div><div class=\"wc-product__part wc-product__add_to_cart show-in-grid show-in-list\"><a href=\"https:\/\/www.enapp.gov.ao\/?product=especializacao-em-planeamento-e-ordenamento-do-territorio-para-o-desenvolvimento-local-e-sustentavel\" data-quantity=\"1\" class=\"button c-pro product_type_simple display-text out-media add_to_cart_button\" data-product_id=\"5478\" data-product_sku=\"\" aria-label=\"Leia mais sobre &ldquo;Especializa\u00e7\u00e3o em Planeamento e Ordenamento do Territ\u00f3rio para o Desenvolvimento Local e Sustent\u00e1vel&rdquo;\" title=\"Add to cart\" rel=\"nofollow\">Ler mais<\/a><\/div><\/div><\/div><\/a><a href=\"https:\/\/www.enapp.gov.ao\/?product=especializacao-em-planeamento-e-ordenamento-do-territorio-para-o-desenvolvimento-local-e-sustentavel\" data-quantity=\"1\" class=\"button product_type_simple add_to_cart_button\" data-product_id=\"5478\" data-product_sku=\"\" aria-label=\"Leia mais sobre &ldquo;Especializa\u00e7\u00e3o em Planeamento e Ordenamento do Territ\u00f3rio para o Desenvolvimento Local e Sustent\u00e1vel&rdquo;\" rel=\"nofollow\"><span class=\"button-label\">Ler mais<\/span><\/a><\/div>\t<\/div>\n<\/li>\n<li \nclass=\"customify-col product type-product post-5477 status-publish last instock product_cat-especializacoes product_cat-programa-de-formacao-academica-profissionalizante shipping-taxable product-type-simple\">\n\t<div class=\"wc-product-inner\">\n\t<div class=\"wc-product-media\"><a href=\"https:\/\/www.enapp.gov.ao\/?product=especializacao-em-elaboracao-e-gestao-de-projectos-de-desenvolvimento-local\" class=\"woocommerce-LoopProduct-link woocommerce-loop-product__link\"><img width=\"300\" height=\"300\" src=\"https:\/\/www.enapp.gov.ao\/wp-content\/uploads\/woocommerce-placeholder-300x300.png\" class=\"woocommerce-placeholder wp-post-image\" alt=\"Placeholder\" loading=\"lazy\" srcset=\"https:\/\/www.enapp.gov.ao\/wp-content\/uploads\/woocommerce-placeholder-300x300.png 300w, https:\/\/www.enapp.gov.ao\/wp-content\/uploads\/woocommerce-placeholder-100x100.png 100w, https:\/\/www.enapp.gov.ao\/wp-content\/uploads\/woocommerce-placeholder-600x600.png 600w, https:\/\/www.enapp.gov.ao\/wp-content\/uploads\/woocommerce-placeholder-1024x1024.png 1024w, https:\/\/www.enapp.gov.ao\/wp-content\/uploads\/woocommerce-placeholder-150x150.png 150w, https:\/\/www.enapp.gov.ao\/wp-content\/uploads\/woocommerce-placeholder-768x768.png 768w, https:\/\/www.enapp.gov.ao\/wp-content\/uploads\/woocommerce-placeholder.png 1200w\" sizes=\"(max-width: 300px) 100vw, 300px\" \/><\/a><\/div><div class=\"wc-product-contents\"><a href=\"https:\/\/www.enapp.gov.ao\/?product=especializacao-em-elaboracao-e-gestao-de-projectos-de-desenvolvimento-local\" class=\"woocommerce-LoopProduct-link woocommerce-loop-product__link\"><div class=\"b-row-main\"><div class=\"b-col col-left\"><div class=\"wc-product__part wc-product__title show-in-grid show-in-list\"><img width=\"300\" height=\"300\" src=\"https:\/\/www.enapp.gov.ao\/wp-content\/uploads\/woocommerce-placeholder-300x300.png\" class=\"woocommerce-placeholder wp-post-image\" alt=\"Placeholder\" loading=\"lazy\" srcset=\"https:\/\/www.enapp.gov.ao\/wp-content\/uploads\/woocommerce-placeholder-300x300.png 300w, https:\/\/www.enapp.gov.ao\/wp-content\/uploads\/woocommerce-placeholder-100x100.png 100w, https:\/\/www.enapp.gov.ao\/wp-content\/uploads\/woocommerce-placeholder-600x600.png 600w, https:\/\/www.enapp.gov.ao\/wp-content\/uploads\/woocommerce-placeholder-1024x1024.png 1024w, https:\/\/www.enapp.gov.ao\/wp-content\/uploads\/woocommerce-placeholder-150x150.png 150w, https:\/\/www.enapp.gov.ao\/wp-content\/uploads\/woocommerce-placeholder-768x768.png 768w, https:\/\/www.enapp.gov.ao\/wp-content\/uploads\/woocommerce-placeholder.png 1200w\" sizes=\"(max-width: 300px) 100vw, 300px\" \/><h2 class=\"woocommerce-loop-product__title\"><a href=\"https:\/\/www.enapp.gov.ao\/?product=especializacao-em-elaboracao-e-gestao-de-projectos-de-desenvolvimento-local\" class=\"woocommerce-LoopProduct-link woocommerce-loop-product__link\">Especializa\u00e7\u00e3o em Elabora\u00e7\u00e3o e Gest\u00e3o de Projectos de Desenvolvimento Local<\/a><\/h2>\n<\/div><div class=\"wc-product__part wc-product__description hide-in-grid show-in-list\"><div class=\"woocommerce-loop-product__desc\"><p>Objectivos: Este curso visa munir os formandos de ferramentas e t\u00e9cnicas essenciais para o desenho de projectos de desenvolvimento, bem como agregar valor profissional n\u00e3o&hellip;<\/p>\n<\/div><\/div><div class=\"wc-product__part wc-product__add_to_cart show-in-grid show-in-list\"><a href=\"https:\/\/www.enapp.gov.ao\/?product=especializacao-em-elaboracao-e-gestao-de-projectos-de-desenvolvimento-local\" data-quantity=\"1\" class=\"button c-pro product_type_simple display-text out-media add_to_cart_button\" data-product_id=\"5477\" data-product_sku=\"\" aria-label=\"Leia mais sobre &ldquo;Especializa\u00e7\u00e3o em Elabora\u00e7\u00e3o e Gest\u00e3o de Projectos de Desenvolvimento Local&rdquo;\" title=\"Add to cart\" rel=\"nofollow\">Ler mais<\/a><\/div><\/div><\/div><\/a><a href=\"https:\/\/www.enapp.gov.ao\/?product=especializacao-em-elaboracao-e-gestao-de-projectos-de-desenvolvimento-local\" data-quantity=\"1\" class=\"button product_type_simple add_to_cart_button\" data-product_id=\"5477\" data-product_sku=\"\" aria-label=\"Leia mais sobre &ldquo;Especializa\u00e7\u00e3o em Elabora\u00e7\u00e3o e Gest\u00e3o de Projectos de Desenvolvimento Local&rdquo;\" rel=\"nofollow\"><span class=\"button-label\">Ler mais<\/span><\/a><\/div>\t<\/div>\n<\/li>\n<li \nclass=\"customify-col product type-product post-5476 status-publish first instock product_cat-especializacoes product_cat-programa-de-formacao-academica-profissionalizante has-post-thumbnail shipping-taxable product-type-simple\">\n\t<div class=\"wc-product-inner\">\n\t<div class=\"wc-product-media\"><a href=\"https:\/\/www.enapp.gov.ao\/?product=especializacao-em-financas-e-contabilidade-autarquica\" class=\"woocommerce-LoopProduct-link woocommerce-loop-product__link\"><img width=\"300\" height=\"300\" src=\"https:\/\/www.enapp.gov.ao\/wp-content\/uploads\/2021\/05\/Financas-e-Contabilidade-Autarquica-300x300.jpg\" class=\"attachment-woocommerce_thumbnail size-woocommerce_thumbnail\" alt=\"\" loading=\"lazy\" srcset=\"https:\/\/www.enapp.gov.ao\/wp-content\/uploads\/2021\/05\/Financas-e-Contabilidade-Autarquica-300x300.jpg 300w, https:\/\/www.enapp.gov.ao\/wp-content\/uploads\/2021\/05\/Financas-e-Contabilidade-Autarquica-150x150.jpg 150w, https:\/\/www.enapp.gov.ao\/wp-content\/uploads\/2021\/05\/Financas-e-Contabilidade-Autarquica-100x100.jpg 100w\" sizes=\"(max-width: 300px) 100vw, 300px\" \/><\/a><\/div><div class=\"wc-product-contents\"><a href=\"https:\/\/www.enapp.gov.ao\/?product=especializacao-em-financas-e-contabilidade-autarquica\" class=\"woocommerce-LoopProduct-link woocommerce-loop-product__link\"><div class=\"b-row-main\"><div class=\"b-col col-left\"><div class=\"wc-product__part wc-product__title show-in-grid show-in-list\"><img width=\"300\" height=\"300\" src=\"https:\/\/www.enapp.gov.ao\/wp-content\/uploads\/2021\/05\/Financas-e-Contabilidade-Autarquica-300x300.jpg\" class=\"attachment-woocommerce_thumbnail size-woocommerce_thumbnail\" alt=\"\" loading=\"lazy\" srcset=\"https:\/\/www.enapp.gov.ao\/wp-content\/uploads\/2021\/05\/Financas-e-Contabilidade-Autarquica-300x300.jpg 300w, https:\/\/www.enapp.gov.ao\/wp-content\/uploads\/2021\/05\/Financas-e-Contabilidade-Autarquica-150x150.jpg 150w, https:\/\/www.enapp.gov.ao\/wp-content\/uploads\/2021\/05\/Financas-e-Contabilidade-Autarquica-100x100.jpg 100w\" sizes=\"(max-width: 300px) 100vw, 300px\" \/><h2 class=\"woocommerce-loop-product__title\"><a href=\"https:\/\/www.enapp.gov.ao\/?product=especializacao-em-financas-e-contabilidade-autarquica\" class=\"woocommerce-LoopProduct-link woocommerce-loop-product__link\">Especializa\u00e7\u00e3o em Finan\u00e7as e Contabilidade Aut\u00e1rquica<\/a><\/h2>\n<\/div><div class=\"wc-product__part wc-product__description hide-in-grid show-in-list\"><div class=\"woocommerce-loop-product__desc\"><p>Objectivos: Este curso tem como objectivo dotar os formandos de conhecimentos sobre o regime financeiro aut\u00e1rquico numa perspectiva nacional e comparada, as princ\u00edpios, as regras,&hellip;<\/p>\n<\/div><\/div><div class=\"wc-product__part wc-product__add_to_cart show-in-grid show-in-list\"><a href=\"https:\/\/www.enapp.gov.ao\/?product=especializacao-em-financas-e-contabilidade-autarquica\" data-quantity=\"1\" class=\"button c-pro product_type_simple display-text out-media add_to_cart_button\" data-product_id=\"5476\" data-product_sku=\"\" aria-label=\"Leia mais sobre &ldquo;Especializa\u00e7\u00e3o em Finan\u00e7as e Contabilidade Aut\u00e1rquica&rdquo;\" title=\"Add to cart\" rel=\"nofollow\">Ler mais<\/a><\/div><\/div><\/div><\/a><a href=\"https:\/\/www.enapp.gov.ao\/?product=especializacao-em-financas-e-contabilidade-autarquica\" data-quantity=\"1\" class=\"button product_type_simple add_to_cart_button\" data-product_id=\"5476\" data-product_sku=\"\" aria-label=\"Leia mais sobre &ldquo;Especializa\u00e7\u00e3o em Finan\u00e7as e Contabilidade Aut\u00e1rquica&rdquo;\" rel=\"nofollow\"><span class=\"button-label\">Ler mais<\/span><\/a><\/div>\t<\/div>\n<\/li>\n<li \nclass=\"customify-col product type-product post-5475 status-publish instock product_cat-especializacoes product_cat-programa-de-formacao-academica-profissionalizante has-post-thumbnail shipping-taxable product-type-simple\">\n\t<div class=\"wc-product-inner\">\n\t<div class=\"wc-product-media\"><a href=\"https:\/\/www.enapp.gov.ao\/?product=especializacao-em-direito-autarquico\" class=\"woocommerce-LoopProduct-link woocommerce-loop-product__link\"><img width=\"300\" height=\"300\" src=\"https:\/\/www.enapp.gov.ao\/wp-content\/uploads\/2021\/05\/Direito-Autarquico-300x300.jpg\" class=\"attachment-woocommerce_thumbnail size-woocommerce_thumbnail\" alt=\"\" loading=\"lazy\" srcset=\"https:\/\/www.enapp.gov.ao\/wp-content\/uploads\/2021\/05\/Direito-Autarquico-300x300.jpg 300w, https:\/\/www.enapp.gov.ao\/wp-content\/uploads\/2021\/05\/Direito-Autarquico-150x150.jpg 150w, https:\/\/www.enapp.gov.ao\/wp-content\/uploads\/2021\/05\/Direito-Autarquico-100x100.jpg 100w\" sizes=\"(max-width: 300px) 100vw, 300px\" \/><\/a><\/div><div class=\"wc-product-contents\"><a href=\"https:\/\/www.enapp.gov.ao\/?product=especializacao-em-direito-autarquico\" class=\"woocommerce-LoopProduct-link woocommerce-loop-product__link\"><div class=\"b-row-main\"><div class=\"b-col col-left\"><div class=\"wc-product__part wc-product__title show-in-grid show-in-list\"><img width=\"300\" height=\"300\" src=\"https:\/\/www.enapp.gov.ao\/wp-content\/uploads\/2021\/05\/Direito-Autarquico-300x300.jpg\" class=\"attachment-woocommerce_thumbnail size-woocommerce_thumbnail\" alt=\"\" loading=\"lazy\" srcset=\"https:\/\/www.enapp.gov.ao\/wp-content\/uploads\/2021\/05\/Direito-Autarquico-300x300.jpg 300w, https:\/\/www.enapp.gov.ao\/wp-content\/uploads\/2021\/05\/Direito-Autarquico-150x150.jpg 150w, https:\/\/www.enapp.gov.ao\/wp-content\/uploads\/2021\/05\/Direito-Autarquico-100x100.jpg 100w\" sizes=\"(max-width: 300px) 100vw, 300px\" \/><h2 class=\"woocommerce-loop-product__title\"><a href=\"https:\/\/www.enapp.gov.ao\/?product=especializacao-em-direito-autarquico\" class=\"woocommerce-LoopProduct-link woocommerce-loop-product__link\">Especializa\u00e7\u00e3o em Direito Aut\u00e1rquico<\/a><\/h2>\n<\/div><div class=\"wc-product__part wc-product__description hide-in-grid show-in-list\"><div class=\"woocommerce-loop-product__desc\"><p>Objectivos: Trata-se de um curso de especializa\u00e7\u00e3o e visa dotar os participantes de conhecimentos sobre a legisla\u00e7\u00e3o aut\u00e1rquica angolana, a organiza\u00e7\u00e3o e funcionamento, de modo&hellip;<\/p>\n<\/div><\/div><div class=\"wc-product__part wc-product__add_to_cart show-in-grid show-in-list\"><a href=\"https:\/\/www.enapp.gov.ao\/?product=especializacao-em-direito-autarquico\" data-quantity=\"1\" class=\"button c-pro product_type_simple display-text out-media add_to_cart_button\" data-product_id=\"5475\" data-product_sku=\"\" aria-label=\"Leia mais sobre &ldquo;Especializa\u00e7\u00e3o em Direito Aut\u00e1rquico&rdquo;\" title=\"Add to cart\" rel=\"nofollow\">Ler mais<\/a><\/div><\/div><\/div><\/a><a href=\"https:\/\/www.enapp.gov.ao\/?product=especializacao-em-direito-autarquico\" data-quantity=\"1\" class=\"button product_type_simple add_to_cart_button\" data-product_id=\"5475\" data-product_sku=\"\" aria-label=\"Leia mais sobre &ldquo;Especializa\u00e7\u00e3o em Direito Aut\u00e1rquico&rdquo;\" rel=\"nofollow\"><span class=\"button-label\">Ler mais<\/span><\/a><\/div>\t<\/div>\n<\/li>\n<\/ul>\n<\/div><\/div>\n\t\t\t\t<\/div>\n\t\t\t\t<\/div>\n\t\t\t\t\t\t<\/div>\n\t\t\t\t\t<\/div>\n\t\t<\/div>\n\t\t\t\t\t\t\t\t<\/div>\n\t\t\t\t\t<\/div>\n\t\t<\/section>\n\t\t\t\t\t\t<\/div>\n\t\t\t\t\t\t<\/div>\n\t\t\t\t\t<\/div>\n\t\t","protected":false},"excerpt":{"rendered":"<p>Forma\u00e7\u00e3o acad\u00e9mica Profissionalizante s\u00e3o cursos de cariz t\u00e9cnico-profissional que visam a profissionaliza\u00e7\u00e3o dos formandos j\u00e1 que estes possuem um conhecimento pr\u00e9vio na sua \u00e1rea de&hellip;<\/p>\n","protected":false},"author":1,"featured_media":0,"parent":0,"menu_order":0,"comment_status":"closed","ping_status":"closed","template":"","meta":[],"_links":{"self":[{"href":"https:\/\/www.enapp.gov.ao\/index.php?rest_route=\/wp\/v2\/pages\/3423"}],"collection":[{"href":"https:\/\/www.enapp.gov.ao\/index.php?rest_route=\/wp\/v2\/pages"}],"about":[{"href":"https:\/\/www.enapp.gov.ao\/index.php?rest_route=\/wp\/v2\/types\/page"}],"author":[{"embeddable":true,"href":"https:\/\/www.enapp.gov.ao\/index.php?rest_route=\/wp\/v2\/users\/1"}],"replies":[{"embeddable":true,"href":"https:\/\/www.enapp.gov.ao\/index.php?rest_route=%2Fwp%2Fv2%2Fcomments&post=3423"}],"version-history":[{"count":0,"href":"https:\/\/www.enapp.gov.ao\/index.php?rest_route=\/wp\/v2\/pages\/3423\/revisions"}],"wp:attachment":[{"href":"https:\/\/www.enapp.gov.ao\/index.php?rest_route=%2Fwp%2Fv2%2Fmedia&parent=3423"}],"curies":[{"name":"wp","href":"https:\/\/api.w.org\/{rel}","templated":true}]}}