{"id":5396,"date":"2021-05-27T14:08:09","date_gmt":"2021-05-27T14:08:09","guid":{"rendered":"https:\/\/www.enapp.gov.ao\/?post_type=product&#038;p=5396"},"modified":"2021-06-30T08:37:58","modified_gmt":"2021-06-30T08:37:58","slug":"contratacao-publica-local-inteligente-e-sustentavel","status":"publish","type":"product","link":"https:\/\/www.enapp.gov.ao\/?product=contratacao-publica-local-inteligente-e-sustentavel","title":{"rendered":"Contrata\u00e7\u00e3o P\u00fablica Local, Inteligente e Sustent\u00e1vel"},"content":{"rendered":"","protected":false},"excerpt":{"rendered":"<p><strong>Objectivos:<\/strong><\/p>\n<p>Compreender a import\u00e2ncia e a dimens\u00e3o estrat\u00e9gica da contrata\u00e7\u00e3o p\u00fablica local.<\/p>\n<p><strong>Requisitos:<\/strong><\/p>\n<p>Ser gestor p\u00fablico, respons\u00e1vel, t\u00e9cnico do GEPE, da Unidade de Contrata\u00e7\u00e3o P\u00fablica ou Secret\u00e1rio Geral dos \u00f3rg\u00e3os da Administra\u00e7\u00e3o Local do Estado.<\/p>\n<p><strong>Carga hor\u00e1ria:<\/strong><\/p>\n<p>20 horas<\/p>\n","protected":false},"featured_media":6188,"comment_status":"open","ping_status":"closed","template":"","meta":[],"_links":{"self":[{"href":"https:\/\/www.enapp.gov.ao\/index.php?rest_route=\/wp\/v2\/product\/5396"}],"collection":[{"href":"https:\/\/www.enapp.gov.ao\/index.php?rest_route=\/wp\/v2\/product"}],"about":[{"href":"https:\/\/www.enapp.gov.ao\/index.php?rest_route=\/wp\/v2\/types\/product"}],"replies":[{"embeddable":true,"href":"https:\/\/www.enapp.gov.ao\/index.php?rest_route=%2Fwp%2Fv2%2Fcomments&post=5396"}],"wp:featuredmedia":[{"embeddable":true,"href":"https:\/\/www.enapp.gov.ao\/index.php?rest_route=\/wp\/v2\/media\/6188"}],"wp:attachment":[{"href":"https:\/\/www.enapp.gov.ao\/index.php?rest_route=%2Fwp%2Fv2%2Fmedia&parent=5396"}],"curies":[{"name":"wp","href":"https:\/\/api.w.org\/{rel}","templated":true}]}}