{"id":5402,"date":"2021-05-27T14:21:32","date_gmt":"2021-05-27T14:21:32","guid":{"rendered":"https:\/\/www.enapp.gov.ao\/?post_type=product&#038;p=5402"},"modified":"2021-06-21T12:16:40","modified_gmt":"2021-06-21T12:16:40","slug":"impugnacao-administrativa-nos-contratos-publicos","status":"publish","type":"product","link":"https:\/\/www.enapp.gov.ao\/?product=impugnacao-administrativa-nos-contratos-publicos","title":{"rendered":"Impugna\u00e7\u00e3o Administrativa nos Contratos P\u00fablicos"},"content":{"rendered":"","protected":false},"excerpt":{"rendered":"<p><strong>Objectivos:<\/strong><\/p>\n<p>Identificar o regime jur\u00eddico relativo \u00e0s impugna\u00e7\u00f5es em contrata\u00e7\u00e3o p\u00fablica e os tipos de impugna\u00e7\u00e3o em contrata\u00e7\u00e3o p\u00fablica.<\/p>\n<p><strong>Requisitos:<\/strong><\/p>\n<p>Ser gestor p\u00fablico, respons\u00e1vel, t\u00e9cnico do GEPE, do Gabinete Jur\u00eddico, da Unidade de Contrata\u00e7\u00e3o P\u00fablica ou Secret\u00e1rio Geral dos \u00d3rg\u00e3os da Administra\u00e7\u00e3o Local do Estado, empresas p\u00fablicas e privadas.<\/p>\n<p><strong>Carga hor\u00e1ria:<\/strong><\/p>\n<p>20 horas<\/p>\n","protected":false},"featured_media":6173,"comment_status":"open","ping_status":"closed","template":"","meta":[],"_links":{"self":[{"href":"https:\/\/www.enapp.gov.ao\/index.php?rest_route=\/wp\/v2\/product\/5402"}],"collection":[{"href":"https:\/\/www.enapp.gov.ao\/index.php?rest_route=\/wp\/v2\/product"}],"about":[{"href":"https:\/\/www.enapp.gov.ao\/index.php?rest_route=\/wp\/v2\/types\/product"}],"replies":[{"embeddable":true,"href":"https:\/\/www.enapp.gov.ao\/index.php?rest_route=%2Fwp%2Fv2%2Fcomments&post=5402"}],"wp:featuredmedia":[{"embeddable":true,"href":"https:\/\/www.enapp.gov.ao\/index.php?rest_route=\/wp\/v2\/media\/6173"}],"wp:attachment":[{"href":"https:\/\/www.enapp.gov.ao\/index.php?rest_route=%2Fwp%2Fv2%2Fmedia&parent=5402"}],"curies":[{"name":"wp","href":"https:\/\/api.w.org\/{rel}","templated":true}]}}