{"id":5443,"date":"2021-05-27T15:24:56","date_gmt":"2021-05-27T15:24:56","guid":{"rendered":"https:\/\/www.enapp.gov.ao\/?post_type=product&#038;p=5443"},"modified":"2021-06-03T13:43:43","modified_gmt":"2021-06-03T13:43:43","slug":"planeamento-urbano-regional-e-o-poder-local","status":"publish","type":"product","link":"https:\/\/www.enapp.gov.ao\/?product=planeamento-urbano-regional-e-o-poder-local","title":{"rendered":"Planeamento Urbano, Regional e o Poder Local"},"content":{"rendered":"","protected":false},"excerpt":{"rendered":"<p><strong>Destinat\u00e1rios:\u00a0<\/strong><\/p>\n<p>Administradores Municipais, Administradores Adjuntos e Administradores dos Distritos Urbanos.<\/p>\n<p><strong>\u00a0<\/strong><strong>Objectivos:<\/strong><\/p>\n<p>Este curso visa dotar os formandos da Administra\u00e7\u00e3o e outros \u00f3rg\u00e3os do aparelho do Estado ligados \u00e0 gest\u00e3o do territ\u00f3rio, de base conceptual e instrumental quanto \u00e0 natureza, problema e pr\u00e1tica concreta do planeamento urbano, fazendo uma refer\u00eancia permanente \u00e0 norma jur\u00eddico-legal, bem como aos conceitos, modelos e experi\u00eancias hist\u00f3ricos e realidades actuais.<\/p>\n<p><strong>Requisitos<\/strong>:<\/p>\n<p>Ser gestor p\u00fablico.<\/p>\n<p><strong>Carga hor\u00e1ria:<\/strong><\/p>\n<p>40 horas<\/p>\n","protected":false},"featured_media":5914,"comment_status":"open","ping_status":"closed","template":"","meta":[],"_links":{"self":[{"href":"https:\/\/www.enapp.gov.ao\/index.php?rest_route=\/wp\/v2\/product\/5443"}],"collection":[{"href":"https:\/\/www.enapp.gov.ao\/index.php?rest_route=\/wp\/v2\/product"}],"about":[{"href":"https:\/\/www.enapp.gov.ao\/index.php?rest_route=\/wp\/v2\/types\/product"}],"replies":[{"embeddable":true,"href":"https:\/\/www.enapp.gov.ao\/index.php?rest_route=%2Fwp%2Fv2%2Fcomments&post=5443"}],"wp:featuredmedia":[{"embeddable":true,"href":"https:\/\/www.enapp.gov.ao\/index.php?rest_route=\/wp\/v2\/media\/5914"}],"wp:attachment":[{"href":"https:\/\/www.enapp.gov.ao\/index.php?rest_route=%2Fwp%2Fv2%2Fmedia&parent=5443"}],"curies":[{"name":"wp","href":"https:\/\/api.w.org\/{rel}","templated":true}]}}