{"id":5463,"date":"2021-05-27T16:22:27","date_gmt":"2021-05-27T16:22:27","guid":{"rendered":"https:\/\/www.enapp.gov.ao\/?post_type=product&#038;p=5463"},"modified":"2021-06-03T16:03:34","modified_gmt":"2021-06-03T16:03:34","slug":"gestao-de-projectos-de-investimentos-publicos-2","status":"publish","type":"product","link":"https:\/\/www.enapp.gov.ao\/?product=gestao-de-projectos-de-investimentos-publicos-2","title":{"rendered":"Gest\u00e3o de Projectos de Investimentos P\u00fablicos"},"content":{"rendered":"","protected":false},"excerpt":{"rendered":"<p><strong>Objectivos<\/strong>:<\/p>\n<p>Trata-se de uma forma\u00e7\u00e3o que visa dotar os participantes de ferramentas e t\u00e9cnicas essenciais para a elabora\u00e7\u00e3o, execu\u00e7\u00e3o e fiscaliza\u00e7\u00e3o dos projectos de investimentos p\u00fablicos.<\/p>\n<p><strong>Requisitos<\/strong>:<\/p>\n<p>Licenciatura ou Bacharelato<\/p>\n<p><strong>Carga hor\u00e1ria: <\/strong><\/p>\n<p>50 horas<\/p>\n","protected":false},"featured_media":5945,"comment_status":"open","ping_status":"closed","template":"","meta":[],"_links":{"self":[{"href":"https:\/\/www.enapp.gov.ao\/index.php?rest_route=\/wp\/v2\/product\/5463"}],"collection":[{"href":"https:\/\/www.enapp.gov.ao\/index.php?rest_route=\/wp\/v2\/product"}],"about":[{"href":"https:\/\/www.enapp.gov.ao\/index.php?rest_route=\/wp\/v2\/types\/product"}],"replies":[{"embeddable":true,"href":"https:\/\/www.enapp.gov.ao\/index.php?rest_route=%2Fwp%2Fv2%2Fcomments&post=5463"}],"wp:featuredmedia":[{"embeddable":true,"href":"https:\/\/www.enapp.gov.ao\/index.php?rest_route=\/wp\/v2\/media\/5945"}],"wp:attachment":[{"href":"https:\/\/www.enapp.gov.ao\/index.php?rest_route=%2Fwp%2Fv2%2Fmedia&parent=5463"}],"curies":[{"name":"wp","href":"https:\/\/api.w.org\/{rel}","templated":true}]}}