{"id":5479,"date":"2021-05-27T16:54:29","date_gmt":"2021-05-27T16:54:29","guid":{"rendered":"https:\/\/www.enapp.gov.ao\/?post_type=product&#038;p=5479"},"modified":"2021-05-28T13:00:56","modified_gmt":"2021-05-28T13:00:56","slug":"especializacao-em-planeamento-municipal-e-autarquico","status":"publish","type":"product","link":"https:\/\/www.enapp.gov.ao\/?product=especializacao-em-planeamento-municipal-e-autarquico","title":{"rendered":"Especializa\u00e7\u00e3o em Planeamento Municipal e Aut\u00e1rquico"},"content":{"rendered":"","protected":false},"excerpt":{"rendered":"<p><strong>Objectivos<\/strong>:<\/p>\n<p>Este curso visa dotar os participantes de ferramentas e t\u00e9cnicas essenciais para a elabora\u00e7\u00e3o de planos de desenvolvimento aut\u00e1rquico.<\/p>\n<p><strong>Requisitos:<\/strong><\/p>\n<p>Licenciatura ou Bacharelato<\/p>\n<p><strong>Carga hor\u00e1ria:<\/strong><\/p>\n<p>100 horas<\/p>\n","protected":false},"featured_media":0,"comment_status":"open","ping_status":"closed","template":"","meta":[],"_links":{"self":[{"href":"https:\/\/www.enapp.gov.ao\/index.php?rest_route=\/wp\/v2\/product\/5479"}],"collection":[{"href":"https:\/\/www.enapp.gov.ao\/index.php?rest_route=\/wp\/v2\/product"}],"about":[{"href":"https:\/\/www.enapp.gov.ao\/index.php?rest_route=\/wp\/v2\/types\/product"}],"replies":[{"embeddable":true,"href":"https:\/\/www.enapp.gov.ao\/index.php?rest_route=%2Fwp%2Fv2%2Fcomments&post=5479"}],"wp:attachment":[{"href":"https:\/\/www.enapp.gov.ao\/index.php?rest_route=%2Fwp%2Fv2%2Fmedia&parent=5479"}],"curies":[{"name":"wp","href":"https:\/\/api.w.org\/{rel}","templated":true}]}}