{"id":5492,"date":"2021-05-27T17:25:46","date_gmt":"2021-05-27T17:25:46","guid":{"rendered":"https:\/\/www.enapp.gov.ao\/?post_type=product&#038;p=5492"},"modified":"2021-06-03T15:39:39","modified_gmt":"2021-06-03T15:39:39","slug":"sigfe-execucao-financeira-de-despesas","status":"publish","type":"product","link":"https:\/\/www.enapp.gov.ao\/?product=sigfe-execucao-financeira-de-despesas","title":{"rendered":"SIGFE \u2013 Execu\u00e7\u00e3o Financeira de Despesas"},"content":{"rendered":"","protected":false},"excerpt":{"rendered":"<p><strong>Objectivos:<\/strong><\/p>\n<p>Habilitar os formandos com t\u00e9cnicas e procedimentos que permitem a realiza\u00e7\u00e3o de despesas no SIGFE, observando escrupulosamente as etapas da execu\u00e7\u00e3o do Or\u00e7amento Geral do Estado definidas na Lei n.\u00ba 15\/10, de 14 de Julho.<\/p>\n<p><strong>Requisitos:<\/strong><\/p>\n<p>Ser funcion\u00e1rio p\u00fablico, alocado na \u00e1rea de Administra\u00e7\u00e3o e Finan\u00e7as.<\/p>\n<p><strong>Carga Hor\u00e1ria<\/strong>:<\/p>\n<p>20 horas.<\/p>\n","protected":false},"featured_media":5955,"comment_status":"open","ping_status":"closed","template":"","meta":[],"_links":{"self":[{"href":"https:\/\/www.enapp.gov.ao\/index.php?rest_route=\/wp\/v2\/product\/5492"}],"collection":[{"href":"https:\/\/www.enapp.gov.ao\/index.php?rest_route=\/wp\/v2\/product"}],"about":[{"href":"https:\/\/www.enapp.gov.ao\/index.php?rest_route=\/wp\/v2\/types\/product"}],"replies":[{"embeddable":true,"href":"https:\/\/www.enapp.gov.ao\/index.php?rest_route=%2Fwp%2Fv2%2Fcomments&post=5492"}],"wp:featuredmedia":[{"embeddable":true,"href":"https:\/\/www.enapp.gov.ao\/index.php?rest_route=\/wp\/v2\/media\/5955"}],"wp:attachment":[{"href":"https:\/\/www.enapp.gov.ao\/index.php?rest_route=%2Fwp%2Fv2%2Fmedia&parent=5492"}],"curies":[{"name":"wp","href":"https:\/\/api.w.org\/{rel}","templated":true}]}}