{"id":5494,"date":"2021-05-27T17:27:20","date_gmt":"2021-05-27T17:27:20","guid":{"rendered":"https:\/\/www.enapp.gov.ao\/?post_type=product&#038;p=5494"},"modified":"2021-06-03T15:38:54","modified_gmt":"2021-06-03T15:38:54","slug":"sigfe-processamento-de-salarios","status":"publish","type":"product","link":"https:\/\/www.enapp.gov.ao\/?product=sigfe-processamento-de-salarios","title":{"rendered":"SIGFE \u2013 Processamento de Sal\u00e1rios"},"content":{"rendered":"","protected":false},"excerpt":{"rendered":"<p><strong>Objectivos:<\/strong><\/p>\n<p>O Curso de Processamento de Sal\u00e1rios com recurso \u00e0 plataforma do SIGFE \u00e9 dirigido aos formandos que actuam directamente na \u00e1rea de Recursos Humanos das Unidades Or\u00e7amentais e \u00d3rg\u00e3os Dependentes.<\/p>\n<p>N\u00e3o obstante o curso ter como primeira miss\u00e3o a capacita\u00e7\u00e3o dos gestores p\u00fablicos e demais profissionais enquadrados na \u00e1rea de Recursos Humanos, surge como condi\u00e7\u00e3o determinante para acesso ao sistema e, concomitantemente, a responsabiliza\u00e7\u00e3o de todos seus utilizadores atrav\u00e9s do Termo de Compromisso assinado no fim de cada ac\u00e7\u00e3o de forma\u00e7\u00e3o.<\/p>\n<p><strong>Requisitos:<\/strong><\/p>\n<p>Ser funcion\u00e1rio p\u00fablico, alocado na \u00e1rea de Recursos Humanos.<\/p>\n<p><strong>Carga hor\u00e1ria<\/strong>:<\/p>\n<p>20 horas.<\/p>\n","protected":false},"featured_media":5954,"comment_status":"open","ping_status":"closed","template":"","meta":[],"_links":{"self":[{"href":"https:\/\/www.enapp.gov.ao\/index.php?rest_route=\/wp\/v2\/product\/5494"}],"collection":[{"href":"https:\/\/www.enapp.gov.ao\/index.php?rest_route=\/wp\/v2\/product"}],"about":[{"href":"https:\/\/www.enapp.gov.ao\/index.php?rest_route=\/wp\/v2\/types\/product"}],"replies":[{"embeddable":true,"href":"https:\/\/www.enapp.gov.ao\/index.php?rest_route=%2Fwp%2Fv2%2Fcomments&post=5494"}],"wp:featuredmedia":[{"embeddable":true,"href":"https:\/\/www.enapp.gov.ao\/index.php?rest_route=\/wp\/v2\/media\/5954"}],"wp:attachment":[{"href":"https:\/\/www.enapp.gov.ao\/index.php?rest_route=%2Fwp%2Fv2%2Fmedia&parent=5494"}],"curies":[{"name":"wp","href":"https:\/\/api.w.org\/{rel}","templated":true}]}}